alse
Is 35729 a prime number?
True
Is 74647 a prime number?
False
Is 1754 composite?
True
Is 17231 a composite number?
False
Is 25837 a prime number?
False
Is 851091 a composite number?
True
Is 164779 a composite number?
True
Is 3398991 a composite number?
True
Is 5473 a composite number?
True
Is 17281 composite?
True
Is 1275643 prime?
True
Is 36409 prime?
False
Is 31469 prime?
True
Is 751979 composite?
True
Is 12359 prime?
False
Is 12349 a prime number?
False
Is 114259 composite?
False
Is 47039 prime?
False
Is 636171 prime?
False
Is 18923 a prime number?
False
Is 378041 a prime number?
True
Is 976555 a composite number?
True
Is 2413 a prime number?
False
Is 317 a composite number?
False
Is 1087717 a composite number?
False
Is 2653 a composite number?
True
Is 209621 a composite number?
False
Is 95671 prime?
False
Is 6493 composite?
True
Is 1409 a composite number?
False
Is 93871 a composite number?
False
Is 24746 composite?
True
Is 1165051 a prime number?
True
Is 19441 a composite number?
False
Is 11777 prime?
True
Is 2768691 composite?
True
Is 362003 a prime number?
True
Is 133769 a composite number?
False
Is 80999 composite?
True
Is 24022 a prime number?
False
Is 169789 prime?
True
Is 32881 prime?
False
Is 43283 composite?
False
Is 327289 prime?
True
Is 396619 prime?
True
Is 469 a composite number?
True
Is 216061 a composite number?
False
Is 357649 a prime number?
True
Is 9953 prime?
False
Is 17519 a composite number?
False
Is 749467 prime?
True
Is 90757 a prime number?
False
Is 45377 composite?
False
Is 601357 a composite number?
False
Is 56519 a prime number?
True
Is 922 composite?
True
Is 191339 a composite number?
False
Is 516291 a composite number?
True
Is 110767 a prime number?
False
Is 500561 composite?
True
Is 1543 composite?
False
Is 7559 a composite number?
False
Is 1154683 composite?
True
Is 38783 composite?
False
Is 107999 a prime number?
True
Is 61189 composite?
True
Is 259465 a composite number?
True
Is 14941 composite?
True
Is 14173 composite?
False
Is 34406 a prime number?
False
Is 953 prime?
True
Is 130919 a composite number?
True
Is 34457 composite?
False
Is 65071 composite?
False
Is 112162 a composite number?
True
Is 111729 composite?
True
Is 141 a prime number?
False
Is 93799 prime?
False
Is 3443 composite?
True
Is 9017 a prime number?
False
Is 46555 a prime number?
False
Is 144379 prime?
True
Is 100693 a prime number?
True
Is 76853 prime?
False
Is 2101549 prime?
True
Is 683251 prime?
True
Is 42031 a composite number?
True
Is 502643 composite?
False
Is 58321 a prime number?
True
Is 2489431 a prime number?
False
Is 8467 prime?
True
Is 824591 composite?
False
Is 31643 a composite number?
False
Is 6537 prime?
False
Is 8059 a prime number?
True
Is 334303 a composite number?
True
Is 286289 prime?
True
Is 83413 a prime number?
False
Is 281287 prime?
False
Is 7978 composite?
True
Is 132401 a prime number?
False
Is 9781 a composite number?
False
Is 110407 prime?
False
Is 549877 a composite number?
False
Is 78643 a prime number?
True
Is 6119 a prime number?
False
Is 88093 prime?
True
Is 3201757 a composite number?
True
Is 3261 a prime number?
False
Is 83 prime?
True
Is 85133 composite?
False
Is 120643 prime?
False
Is 293627 prime?
False
Is 5557 a composite number?
False
Is 147419 composite?
False
Is 146279 a composite number?
True
Is 50311 a composite number?
False
Is 7789 a prime number?
True
Is 524791 composite?
True
Is 74279 composite?
False
Is 7438 composite?
True
Is 20477 prime?
True
Is 45751 prime?
True
Is 96034 a prime number?
False
Is 879 a prime number?
False
Is 51131 prime?
True
Is 62803 a composite number?
True
Is 5951 a composite number?
True
Is 3659 prime?
True
Is 30533 a composite number?
True
Is 23093 prime?
False
Is 430471 composite?
True
Is 1648805 a composite number?
True
Is 98191 a composite number?
True
Is 231179 prime?
False
Is 264777 prime?
False
Is 41281 prime?
True
Is 24051 composite?
True
Is 321797 a composite number?
True
Is 147413 a composite number?
True
Is 144379 composite?
False
Is 4507 prime?
True
Is 232207 composite?
False
Is 223 prime?
True
Is 505483 composite?
True
Is 26237 prime?
True
Is 111299 composite?
True
Is 599237 a composite number?
True
Is 3888647 a composite number?
True
Is 74615 composite?
True
Is 52943 a prime number?
False
Is 100543 composite?
True
Is 1394057 prime?
False
Is 2287 composite?
False
Is 35023 prime?
True
Is 21453 a composite number?
True
Is 20527 prime?
False
Is 115435 composite?
True
Is 25067 a prime number?
False
Is 52517 composite?
False
Is 139549 a composite number?
True
Is 447053 a composite number?
False
Is 22169 composite?
True
Is 3419 composite?
True
Is 58337 a composite number?
False
Is 18391 a prime number?
False
Is 15097 prime?
False
Is 104821 prime?
False
Is 65981 a prime number?
True
Is 976945 a prime number?
False
Is 150077 composite?
False
Is 461581 prime?
True
Is 61003 composite?
True
Is 22937 composite?
False
Is 1657 a prime number?
True
Is 11597 a composite number?
False
Is 5981 a prime number?
True
Is 184181 a composite number?
False
Is 123653 composite?
False
Is 1402859 a prime number?
True
Is 312441 prime?
False
Is 54123 a prime number?
False
Is 14141 a prime number?
False
Is 3086 prime?
False
Is 10661 a composite number?
True
Is 127877 a prime number?
True
Is 66017 prime?
False
Is 539159 a prime number?
True
Is 21953 prime?
False
Is 189347 composite?
False
Is 50669 a composite number?
True
Is 104639 prime?
True
Is 5383 prime?
False
Is 408673 composite?
True
Is 439651 prime?
False
Is 15187 prime?
True
Is 896257 composite?
True
Is 44467 prime?
False
Is 3937 composite?
True
Is 6613 composite?
True
Is 3433 a prime number?
True
Is 404597 composite?
False
Is 244289 prime?
False
Is 398011 composite?
False
Is 10743 prime?
False
Is 9467 prime?
True
Is 206699 a prime number?
True
Is 3881 a composite number?
False
Is 91779 prime?
False
Is 35681 a prime number?
False
Is 23417 composite?
False
Is 8137 a composite number?
True
Is 1567 composite?
False
Is 349963 prime?
True
Is 14969 prime?
True
Is 8623 prime?
True
Is 33407 a composite number?
True
Is 2468507 a composite number?
False
Is 7817 composite?
False
Is 1074811 composite?
True
Is 4721 a composite number?
False
Is 28261 composite?
True
Is 8781 a composite number?
True
Is 1151 prime?
True
Is 279479 prime?
True
Is 3137 a composite number?
False
Is 3883 a composite number?
True
Is 245879 prime?
False
Is 411841 a composite number?
False
Is 199151 a prime number?
True
Is 17783 a prime number?
True
Is 414971 a composite number?
False
Is 804971 prime?
False
Is 66281 composite?
True
Is 18593 prime?
True
Is 712774 a prime number?
False
Is 54799 a prime number?
True
Is 3761 a composite number?
False
Is 28761 composite?
True
Is 899849 prime?
True
Is 5711 prime?
True
Is 34411 a prime number?
False
Is 120121 prime?
True
Is 352009 a composite number?
True
Is 3571 prime?
True
Is 78977 composite?
False
Is 1139163 prime?
False
Is 123699 a composite number?
True
Is 14123 a composite number?
True
Is 177731 a prime number?
False
Is 336134 prime?
False
Is 125157 composite?
True
Is 97 composite?
False
Is 19049 composite?
True
Is 50483 prime?
False
Is 57613 a prime number?
False
Is 118009 composite?
True
Is 512993 a composite number?
True
Is 845929 a composite number?
True
Is 249373 composite?
True
Is 426061 composite?
False
Is 40927 a prime number?
True
Is 28343 a prime number?
False
Is 223939 a composite number?
False
Is 328213 a composite number?
False
Is 12889 prime?
True
Is 34115 a composite number?
True
Is 11153 prime?
False
Is 73121 a prime number?
True
Is 62459 composite?
False
Is 4871 composite?
False
Is 10327 a composite number?
True
Is 4414 a prime number?
False
Is 13333 composite?
True
Is 6119 a composite number?
True
Is 18374 composite?
True
Is 47111 a composite number?
False
Is 19717 prime?
True
Is 21481 prime?
True
Is 85979 composite?
True
Is 324797 composite?
True
Is 953933 a composite number?
True
Is 23557 a prime number?
True
Is 5855 a prime number?
False
Is 46929 a prime number?
False
Is 8641 a prime number?
True
Is 484927 composite?
False
Is 4699 a composite number?
True
Is 9391 composite?
False
Is 125383 composite?
False
Is 69683 a prime number?
False
Is 3829 a prime number?
False
Is 1291973 composite?
Tr